3, 191
Suppose 0 = 6*w - 4*w + 126. Let i = -61 - w. What are the prime factors of 3*(2/3 + (35 - i))?
101
Let x(i) = -i**2 - 41*i - 19. Suppose 0 = 4*z + 238 - 158. List the prime factors of x(z).
401
Let i(d) = -5*d + 20. Let a be i(3). Let v(q) = 71*q - 47. List the prime factors of v(a).
2, 7, 11
Let f = -331 + 336. Suppose -7*z + 8208 = f*z. What are the prime factors of z?
2, 3, 19
List the prime factors of 171056/12*(-78)/(-26).
2, 10691
Let z(l) = 36*l**2 + 2*l + 6. Let t be z(-6). Suppose -t = -4*m - 418. Suppose 4*w = 370 + m. List the prime factors of w.
3, 7
Suppose -33*q + 206*q + 208*q = 2804541. What are the prime factors of q?
17, 433
Let i be ((-8)/28)/(1/(-14)). Let d(q) = -q**2 + 4*q + 3. Let t be d(i). Suppose u - 21 = -t*c + 6*c, 0 = 5*c - 20. What are the prime factors of u?
3, 11
Let u(g) = 6*g - 2. Let j be u(5). Let c be -1*(j/4 + -2). List the prime factors of ((-219)/9 - c)/((-2)/12).
2, 29
Let p(b) = 4183*b**2 + 5*b + 0*b**3 - 3*b**3 - 4180*b**2 + 53. What are the prime factors of p(-6)?
19, 41
Let o be (9/(-3))/((-3)/14). What are the prime factors of (-35)/o*2168/(-10)?
2, 271
Let v = -347 - -205. Let t = 265 + v. What are the prime factors of t?
3, 41
Let u(y) = -y - 18. Let j be u(-17). Let g be 1/(-8) + j/(-8). Suppose -2*m - 2*d = -0*m - 152, d - 4 = g. What are the prime factors of m?
2, 3
Let h = -410 - -412. List the prime factors of 23236/(-111)*(-3)/h.
2, 157
Suppose -4*n = -4*q - 104488, 35*q = -2*n + 34*q + 52220. List the prime factors of n.
2, 11, 1187
Let r(o) = -2*o**3 + 5*o**2 - 10*o - 45. Let y be (-1)/((-2)/(-4)) - 4. List the prime factors of r(y).
3, 11, 19
Let l be 2 + 0/4 + 319. Suppose 0 = -3*c - 5*w + 309, 3*c - 4*w - l = -5*w. What are the prime factors of c?
2, 3
Let b(a) = -a**3 + 17*a**2 - 14*a - 23. Let j(o) = -3*o**2 - o + 30. Let u be j(0). Let p be (-484)/(-30) + (-4)/u. List the prime factors of b(p).
3
Suppose -2*m + 3312 = b, 0*b - m + 16614 = 5*b. What are the prime factors of b?
2, 3, 277
Suppose -36*x + 29*x = -21. Suppose -5*c = t - 4400, -5*c + c + 3520 = x*t. What are the prime factors of c?
2, 5, 11
Suppose -57*d - 643434 = -2902116. What are the prime factors of d?
2, 19813
Let b be (-1952)/(-10) - (-5)/150*-6. Suppose 0 = 4*x + 767 - b. Let z = 249 + x. What are the prime factors of z?
2, 53
Let c(k) = -26*k + 12*k + 26*k**2 - 173 + 36 - 25*k - 79. What are the prime factors of c(-6)?
2, 3, 53
Let a(w) = 4*w - 26. Let k be a(9). Let z be (6 + (-65)/k)*12/(-2). Suppose z*u - 111 = 126. List the prime factors of u.
79
Let c(y) = -y**3 + 12*y**2 - y + 22. Let w = -231 + 243. List the prime factors of c(w).
2, 5
Let d = 198 + -86. Let n = -83 + d. Suppose 2*g + 6*a = a + 34, -2*a + n = 3*g. List the prime factors of g.
7
Let v(w) = -w + 1. Let a be v(-2). Let k be ((-3895)/(-4))/5 + a/12. Let u = 286 - k. List the prime factors of u.
7, 13
Let n(d) = -69*d - 5297. What are the prime factors of n(-80)?
223
Let z(t) = 120*t - 8. Let l be z(-2). Let r = l + 609. What are the prime factors of r?
19
Let q(y) = 18*y**2 + 10*y - 1789. List the prime factors of q(50).
43711
Suppose 7110 = 32*f - 379514. What are the prime factors of f?
2, 7, 863
Suppose 2*d = -5*c + 341, -53*d + 55*d - 335 = c. What are the prime factors of d?
2, 3, 7
Suppose -c - 76138 = -3*i, -2*i + 5*i - 76126 = -2*c. What are the prime factors of i?
2, 12689
Let f(s) = s**2 - 12*s - 32. Let j be f(14). Let o(l) = l**3 + 2*l**2 - 7*l + 4. Let u be o(j). Suppose u = 187*n - 191*n + 324. List the prime factors of n.
3
Let x = -76 - -170. Let i = 35 - x. Let a = -1 - i. List the prime factors of a.
2, 29
Let x(r) = 22*r**2 - 2*r**3 - 10*r**2 + 9*r + r**3 - 20 + 3. What are the prime factors of x(9)?
307
Let b(y) = -264*y + 9. Let d be b(-3). Let j = d - 486. List the prime factors of j.
3, 5, 7
Let w = -21 - -26. Suppose 2*p + 5*j + 0*j - 199 = 0, -p = -w*j - 122. Let b = p - 9. What are the prime factors of b?
2, 7
Let z be 1/3 - (-130)/(-3). Let l = 152 - z. Let j = l - 87. List the prime factors of j.
2, 3
What are the prime factors of 12 - ((-44720 - -4) + -19)?
29, 1543
Suppose 15*m + 77*m + 443808 - 2922104 = 0. What are the prime factors of m?
2, 13469
Suppose z - 7*d = -5*d, 2 = d. Let i(a) be the first derivative of -a**4/4 + 8*a**3/3 + 5*a**2/2 + a - 2. What are the prime factors of i(z)?
5, 17
Suppose 26*b = 11*b + 60. Suppose -f = b*x - 155, 4*f - 4*x - 582 = -x. What are the prime factors of f?
3, 7
List the prime factors of 3/(-4) + 239270/40 + -24.
7, 23, 37
Let q = 250 - 222. Let p = q - -452. What are the prime factors of p?
2, 3, 5
Let z(y) = -4*y**2 - 4*y + 14. Let i be z(-8). Suppose 0*j + 4*j = 1220. Let v = j + i. List the prime factors of v.
5, 19
Let r = 78673 - 56179. What are the prime factors of r?
2, 3, 23, 163
Let q(j) = 35*j**3 - 2*j**2 - 24*j. Let x be q(4). Suppose x = 18*z + 618. List the prime factors of z.
83
Let y(p) = p**3 + 25*p**2 + 109. Let d be (-10)/55 + 1312/(-44) + 5. List the prime factors of y(d).
109
Let f = 5689 + -3771. Let h = 3449 - f. What are the prime factors of h?
1531
Let m(u) = -611*u**3 - u**2 + 2*u + 4. Let d be m(-1). Suppose -2*b + 4*c + d = 0, -114 + 432 = b + 4*c. What are the prime factors of b?
2, 5, 31
Let j = 2233 + 6266. List the prime factors of j.
3, 2833
What are the prime factors of 10*6/(-45)*((-53194)/2 + -4)?
2, 8867
Suppose -4101 = -2*b - 5*u, 122*u + 4080 = 2*b + 120*u. List the prime factors of b.
3, 227
Suppose -926 = -6*s + 586. Let h = s - 60. What are the prime factors of h?
2, 3
Let p(a) = -a + 16. Let y be p(15). Suppose z - 7 = -y. What are the prime factors of 152/z*(-30)/(-20)?
2, 19
Let v be (-1)/3 + 16/48. Suppose v = -7*m - 9*m + 176. What are the prime factors of (-7282)/(-121) + (-2)/m?
2, 3, 5
Let m(u) = 653*u + 362. List the prime factors of m(10).
2, 1723
Let d be ((-12)/(-5))/((-1)/(-5)). Suppose -11*x + 4594 = 4451. Let p = d + x. What are the prime factors of p?
5
Let d be (-19 - -18)/(2/(-10) - 0). Suppose 5*r = -q + 2 + 14, -r - d*q = -8. List the prime factors of 644/r + 42/(-9) + 4.
2, 107
Let n = -542 - -289. Let k = 282 - n. Suppose 0 = -s + 6*s - k. List the prime factors of s.
107
Let u be (-447)/2*(-32)/(-48). Let c = u + 92. What are the prime factors of c/1*23/(-69)?
19
Let d(o) = -5*o**2 - o. Let m be d(-1). Let v(y) = -y - 1. Let x(h) = 11*h + 9. Let p(s) = v(s) - x(s). List the prime factors of p(m).
2, 19
Let d(g) = 12*g - 79. Let q be d(7). List the prime factors of q*-10*-212*(-2)/(-50).
2, 53
Let u(p) = -p**3 - 6*p**2 - 10*p - 5. Let l(w) = w**2 + w + 1. Let c(o) = -2*l(o) + u(o). List the prime factors of c(-12).
23, 31
Let t(b) = -330*b + 75. What are the prime factors of t(-4)?
3, 5, 31
Suppose 3*k + 6 = 0, -2*m - 498*k = -493*k - 13546. List the prime factors of m.
2, 3389
Let g(y) = 249*y - 167. What are the prime factors of g(18)?
5, 863
Let k(t) = -t**3 - 10*t**2 + 13*t + 5. Let x be k(-11). Let y(c) = 3*c + 3. Let u be y(-2). List the prime factors of (x/u + 1)/(3/9).
2, 5
Let x = 343 - -615. Suppose -4*k + 2*l = -x, 21*l - 702 = -3*k + 17*l. List the prime factors of k.
2, 7, 17
Suppose -3*r - 11073 = n, r + 436 + 3255 = -2*n. Let s = 5201 + r. List the prime factors of s.
2, 5, 151
Let z(g) = -g**3 + 26*g**2 - 25*g + 19. Let u be z(25). Suppose u*j = 2783 + 3069. What are the prime factors of j?
2, 7, 11
Suppose 1670 - 4804 - 7239 = -41*l. What are the prime factors of l?
11, 23
Suppose 0 = -15*h - 6*h + 357819. What are the prime factors of h?
11, 1549
Let a(y) = 18*y - 119. Let c be a(22). Suppose -c*f + 284*f - 7511 = 0. List the prime factors of f.
29, 37
Suppose -37339 = -u - 3*h, 3*u + 81*h = 80*h + 112025. What are the prime factors of u?
2, 18671
Let y = -8 - -12. Suppose 2*j - 7*j = -3*m - 62, y*j + m - 53 = 0. Suppose 2*d + v = j, -3*v = -0*d + d + 1. List the prime factors of d.
2
Let o(h) = h**3 + 2*h**2 + 2*h + 6. Let a be o(-2). Suppose 5*t + 7 = -a*t. What are the prime factors of (-161 + (-1 - -3))/t?
3, 53
Let u be (((-32)/(-12))/(-1))/((-10)/(-1545)). Let y = u - -927. What are the prime factors of y?
5, 103
Let l = -38 + 28. Let x = -5 - l. Suppose s + 0*s + 2 = 0, x*s + 69 = g. What are the prime factors of g?
59
Let l be 1405/(-20) + (-1)/(-4). Let a be l*(-4)/(40/(-